7, 67
What are the prime factors of 250229?
7, 35747
What are the prime factors of 41698?
2, 20849
What are the prime factors of 4013166?
2, 3, 67, 149
List the prime factors of 2472465.
3, 5, 164831
List the prime factors of 8812528.
2, 17, 179, 181
What are the prime factors of 15435864?
2, 3, 17, 12611
What are the prime factors of 588544?
2, 11, 19
What are the prime factors of 627513?
3, 19, 101, 109
What are the prime factors of 2674145?
5, 113, 4733
List the prime factors of 9758463.
3, 11, 13, 23, 43
What are the prime factors of 3247044?
2, 3, 270587
What are the prime factors of 588350?
2, 5, 7, 41
What are the prime factors of 104930?
2, 5, 7, 1499
List the prime factors of 6825471.
3, 109, 20873
List the prime factors of 797725.
5, 17, 1877
What are the prime factors of 385855?
5, 77171
What are the prime factors of 169681?
169681
List the prime factors of 333860.
2, 5, 16693
List the prime factors of 13721775.
3, 5, 182957
What are the prime factors of 236147?
17, 29, 479
What are the prime factors of 24627176?
2, 7, 439771
What are the prime factors of 697336?
2, 67, 1301
List the prime factors of 421699.
421699
What are the prime factors of 477719?
11, 137, 317
What are the prime factors of 11368733?
17, 71, 9419
List the prime factors of 2945348.
2, 7, 37, 2843
List the prime factors of 568564.
2, 307, 463
List the prime factors of 148077.
3, 16453
What are the prime factors of 13913298?
2, 3, 7, 23, 4801
List the prime factors of 1515382.
2, 11, 68881
What are the prime factors of 478890?
2, 3, 5, 17, 313
List the prime factors of 68673.
3, 11, 2081
List the prime factors of 10201371.
3, 3400457
What are the prime factors of 3301424?
2, 7, 4211
List the prime factors of 1317444.
2, 3, 101, 1087
What are the prime factors of 142701?
3, 13, 3659
List the prime factors of 203778.
2, 3, 11321
What are the prime factors of 2295757?
587, 3911
List the prime factors of 39463.
19, 31, 67
List the prime factors of 621201.
3, 7, 29581
List the prime factors of 1524091.
103, 14797
List the prime factors of 1111741.
1111741
What are the prime factors of 11902524?
2, 3, 443, 2239
List the prime factors of 271780.
2, 5, 107, 127
What are the prime factors of 1699479?
3, 188831
List the prime factors of 6456497.
797, 8101
What are the prime factors of 2303719?
11, 79, 241
What are the prime factors of 595110?
2, 3, 5, 83, 239
List the prime factors of 118601.
7, 16943
List the prime factors of 6389954.
2, 137, 23321
List the prime factors of 345241.
13, 26557
What are the prime factors of 526905?
3, 5, 1301
List the prime factors of 1868227.
173, 10799
What are the prime factors of 561497?
113, 4969
List the prime factors of 19085065.
5, 349, 10937
What are the prime factors of 189628?
2, 47407
List the prime factors of 373155.
3, 5, 24877
List the prime factors of 7767441.
3, 11, 26153
What are the prime factors of 921851?
7, 79, 1667
List the prime factors of 35837531.
35837531
List the prime factors of 1687254.
2, 3, 179, 1571
What are the prime factors of 143912?
2, 17989
List the prime factors of 1896291.
3, 41, 571
What are the prime factors of 940113?
3, 34819
List the prime factors of 1412843.
157, 8999
List the prime factors of 2713528.
2, 59, 5749
What are the prime factors of 6076639?
659, 9221
What are the prime factors of 193378?
2, 31, 3119
What are the prime factors of 1975070?
2, 5, 197507
List the prime factors of 16803.
3, 1867
List the prime factors of 32413131.
3, 683, 5273
List the prime factors of 926.
2, 463
List the prime factors of 3890166.
2, 3, 7, 92623
List the prime factors of 2544296.
2, 41, 7757
List the prime factors of 72823.
72823
List the prime factors of 194082.
2, 3, 7, 4621
What are the prime factors of 92078?
2, 7, 6577
List the prime factors of 5088174.
2, 3, 7, 13, 9319
What are the prime factors of 14850814?
2, 11, 109, 563
What are the prime factors of 6882130?
2, 5, 127, 5419
What are the prime factors of 3151832?
2, 31, 71, 179
What are the prime factors of 5516570?
2, 5, 79, 6983
What are the prime factors of 1549049?
1549049
What are the prime factors of 250523?
7, 13, 2753
List the prime factors of 5626470.
2, 3, 5, 19, 9871
List the prime factors of 1442744.
2, 23, 7841
List the prime factors of 542772.
2, 3, 15077
What are the prime factors of 2900325?
3, 5, 38671
List the prime factors of 370639.
281, 1319
List the prime factors of 8671.
13, 23, 29
What are the prime factors of 1332640?
2, 5, 8329
List the prime factors of 96511.
103, 937
What are the prime factors of 10439864?
2, 1304983
List the prime factors of 1097290.
2, 5, 197, 557
What are the prime factors of 258656?
2, 59, 137
List the prime factors of 4208466.
2, 3, 353, 1987
What are the prime factors of 2886224?
2, 11, 23, 31
List the prime factors of 272745.
3, 5, 11, 19, 29
List the prime factors of 34089.
3, 11, 1033
What are the prime factors of 1315844?
2, 328961
List the prime factors of 627413.
43, 14591
What are the prime factors of 561152?
2, 137
List the prime factors of 15494846.
2, 7747423
List the prime factors of 4091929.
29, 141101
What are the prime factors of 413325?
3, 5, 11, 167
List the prime factors of 938047.
11, 53, 1609
List the prime factors of 10213662.
2, 3, 197, 8641
What are the prime factors of 271488?
2, 3, 7, 101
List the prime factors of 15023229.
3, 13, 59, 6529
What are the prime factors of 185657?
17, 67, 163
What are the prime factors of 660382?
2, 17, 19423
List the prime factors of 82315.
5, 101, 163
What are the prime factors of 3631726?
2, 7, 149, 1741
List the prime factors of 280128.
2, 3, 1459
List the prime factors of 10364070.
2, 3, 5, 37, 9337
List the prime factors of 121366.
2, 7, 8669
What are the prime factors of 45790?
2, 5, 19, 241
What are the prime factors of 4862121?
3, 11, 251, 587
List the prime factors of 26204415.
3, 5, 43, 40627
List the prime factors of 289983.
3, 96661
List the prime factors of 7751297.
19, 67, 6089
List the prime factors of 127662.
2, 3, 21277
List the prime factors of 4871586.
2, 3, 811931
What are the prime factors of 17575500?
2, 3, 5, 11717
List the prime factors of 654748.
2, 191, 857
List the prime factors of 832482.
2, 3, 7, 6607
List the prime factors of 3551603.
11, 61, 67, 79
What are the prime factors of 12109004?
2, 19, 283, 563
List the prime factors of 551006.
2, 275503
List the prime factors of 1154997.
3, 17, 7549
List the prime factors of 11686716.
2, 3, 73, 4447
List the prime factors of 227753.
19, 11987
What are the prime factors of 24724130?
2, 5, 19, 130127
What are the prime factors of 892199?
7, 11, 11587
List the prime factors of 5214115.
5, 883, 1181
List the prime factors of 32519.
31, 1049
List the prime factors of 17936284.
2, 421, 10651
List the prime factors of 3168361.
7, 263, 1721
List the prime factors of 6090847.
7, 124303
List the prime factors of 15277.
15277
List the prime factors of 329921.
359, 919
List the prime factors of 10951861.
10951861
What are the prime factors of 7077887?
191, 37057
What are the prime factors of 6795762?
2, 3, 1132627
What are the prime factors of 528702?
2, 3, 88117
What are the prime factors of 606267?
3, 31, 41, 53
What are the prime factors of 300236?
2, 47, 1597
List the prime factors of 1887044.
2, 283, 1667
What are the prime factors of 728791?
7, 104113
What are the prime factors of 2242265?
5, 223, 2011
What are the prime factors of 1090260?
2, 3, 5, 673
What are the prime factors of 69060?
2, 3, 5, 1151
List the prime factors of 138444.
2, 3, 83, 139
List the prime factors of 15677153.
331, 47363
List the prime factors of 288494.
2, 144247
List the prime factors of 1484540.
2, 5, 199, 373
List the prime factors of 196667.
193, 1019
List the prime factors of 1024248.
2, 3, 42677
What are the prime factors of 17538622?
2, 31, 282881
List the prime factors of 118370.
2, 5, 7, 19, 89
List the prime factors of 952867.
17, 23, 2437
List the prime factors of 500275.
5, 20011
List the prime factors of 126043.
241, 523
What are the prime factors of 242744?
2, 19, 1597
List the prime factors of 4970982.
2, 3, 173, 4789
List the prime factors of 99052.
2, 24763
What are the prime factors of 218691?
3, 11, 47
List the prime factors of 730258.
2, 365129
What are the prime factors of 